. Let v(w) = 2*w**2 - 23*w + 7. Let z(i) = 7*b(i) - v(i). Give z(4).
-17
Let m(w) = 2*w - 2. Suppose 4 = 4*p + 4*l, p - 11 = -p + l. Suppose -3*k + 67 = 2*i - 3*i, p*i + 3*k = -283. Let o = 68 + i. What is m(o)?
-6
Let u(s) = s**3 + 9*s**2 - 77*s - 702. Let d be u(-9). Let y(t) = 2*t**2 + 21*t + 33. Determine y(d).
6
Let s(w) be the third derivative of w**6/180 + w**5/120 + 13*w**4/24 + w**2 + 19. Let h(d) be the second derivative of s(d). Give h(-1).
-3
Let s = 16015 - 16021. Let m(i) = i**3 + 5*i**2 - 5*i + 26. Give m(s).
20
Let g(n) = 4*n**3 - 13*n**2 - 8*n. Let y(w) = -w**3 + 3*w**2 + w + 1. Let t(h) = g(h) + 2*y(h). Give t(4).
-6
Let h(t) be the third derivative of -7*t**6/120 + t**5/30 - t**4/12 - t**3/2 + 10*t**2 + 348*t. Give h(2).
-55
Suppose 3*s - 48 = 3*l, 37 + 43 = 5*s + 4*l. Suppose 4*v = -4*v + s. Let m(f) = v + 12*f + 3 - 14*f + f**2 - 6. Give m(3).
2
Suppose 0 = -4*j + 10*j - 24. Let s(y) = j*y + 3193 - y**2 - 3193. Calculate s(5).
-5
Let u(f) = f**3 + 2*f**2 + f - 1. Let i(w) be the second derivative of -w**5/20 - w**4/2 + 4*w**3/3 + 5*w**2/2 - 25*w. Let o be i(-7). Give u(o).
-3
Let y(g) be the second derivative of -g**6/360 + 7*g**5/60 - 5*g**4/3 - 3*g**2/2 + 2*g. Let w(u) be the third derivative of y(u). Calculate w(10).
-6
Suppose 29*y = -11*y + 6*y - 170. Let u(q) = 2*q**2 + 6*q + 1. Calculate u(y).
21
Let i = 4227 - 4219. Let f(w) = -w**3 + 8*w**2 + 3. Determine f(i).
3
Let h be (35/70)/((-2)/(-20)). Let k(u) = -u**3 + 13*u**2 - 3*u - 19. Let f(i) = -i**3 + 11*i**2 - 2*i - 17. Let j(n) = -4*f(n) + 3*k(n). Determine j(h).
6
Let o(y) be the first derivative of 6*y**2 - 59*y - 3023. What is o(4)?
-11
Let o(u) be the third derivative of -u**4/24 - 5*u**3/6 + u**2. Let t be ((-8)/4 - 17)*(-5)/5. Let a = 15 - t. Determine o(a).
-1
Let a(f) = 1415*f**3 + f**2 - 14*f + 12. Let i be a(1). Let u(c) = 0 + 4*c + 1415*c**2 - i*c**2 + 1. Calculate u(-5).
6
Let t be 0 + 1 - 57/(-3). Let h be (-6)/27 - t/(-9) - -87. Suppose 85*n + 24 = h*n. Let d(l) = l**2 - 7*l - 5. Give d(n).
-11
Let n(a) = -2581 + 16*a + 5130 + 2*a**2 - 2561. Determine n(-9).
6
Let c = 110 + -107. Let n(s) = s**2 - 21*s + 25*s + 2*s**2 - 3*s**c + 1 + 4*s**3. Calculate n(-3).
-11
Let j = 7553 - 7551. Let t(f) be the third derivative of 0 - j*f**3 + 0*f + 5/24*f**4 + 37*f**2. Determine t(8).
28
Let q(o) be the third derivative of -1/4*o**4 - 5/3*o**3 + 0*o - 179*o**2 + 1/60*o**5 + 0. Determine q(8).
6
Let d(c) = -c**3 - 7*c**2 - 5*c + 4. Suppose -4*x + 24 - 4 = 0, 38 = -4*g + 2*x. Let l(k) = -6*k - 47. Let n be l(g). Determine d(n).
-21
Let d(f) = f**3 + 33*f**2 + 74*f - 10. Let n be d(-30). Let c = n + -462. Let a(z) = -3*z - 3. Calculate a(c).
-27
Let b(a) = 14945 + 18*a + 14945 - 29873. Calculate b(-1).
-1
Let j(w) = 2*w**3 - 2*w - 22838*w**2 - 44 + 22836*w**2 + 46. Suppose -4*o = 6 + 2. Let g be -1 + 2 + o/(-2). Calculate j(g).
6
Let w(p) = p**3 - 32*p**2 + 93*p - 174. Let m be w(29). Let s(t) = -5*t**2 - t + 20. Let u(v) = 9*v**2 + 2*v - 39. Let r(k) = 11*s(k) + 6*u(k). What is r(m)?
-14
Let s(d) = 405 + 134*d - 74*d - 68*d. Determine s(51).
-3
Let w(a) be the second derivative of 0*a**4 - 1/2*a**2 + 1/10*a**5 - 1 + 0*a**3 + 33*a. Give w(-1).
-3
Suppose -5*g - 392 = -397. Let a(j) = 28*j**2 - j + 2. Let z(k) = -57*k**2 + 3*k - 5. Let h(r) = 5*a(r) + 2*z(r). Give h(g).
27
Let y(c) = -4*c**2 + 15*c - 28. Let k(q) = 11*q**2 - 42*q + 75. Let o(x) = -3*k(x) - 8*y(x). Let i be (12/9)/(2/6). What is o(i)?
7
Let g = 0 - -1. Let b be 5 + g + 0 - (-4)/(-1). Let j(t) = b*t**2 - 15 - 9*t**3 + 13*t**3 + 14. Determine j(-1).
-3
Let m(t) = 14*t**3 + 4*t**2 - t + 12. Let j(r) = 5*r**3 + r**2 + 4. Let u(z) = -5*z - 9. Let p be u(-4). Let o(i) = p*j(i) - 4*m(i). Determine o(-6).
8
Let x(u) = -81*u**2 + 33*u. Let d(z) = -5*z**2 + 2*z. Let g(o) = 33*d(o) - 2*x(o). Let h be (0 + (-34 - -4))*2/(-3). Suppose h*j - 21 = -j. What is g(j)?
-3
Let m(i) = i**3 + 5*i**2 - 15*i - 37. Let l be m(-6). Let x(r) = -4*r + 64. Calculate x(l).
-4
Let x(d) = 8*d - 7. Let r(k) = 110*k**3 + 4*k**2 - 5*k - 1. Let q be r(2). Let m = q - 879. Give x(m).
41
Suppose 237*j - 44 = 380 + 50. Let l(t) = t**2 + 1. Let z(h) = -7*h**2 + 5*h - 5. Let x(c) = -6*l(c) - z(c). Give x(j).
-7
Let d = 3542 - 3573. Let s(n) = n**2 + 32*n + 24. Calculate s(d).
-7
Let p(l) = 209*l + 9. Let a(k) = -42*k - 1. Let i(g) = 5*a(g) + p(g). Let c(q) = q**3 + 4*q**2 - 6*q + 6. Let h be c(-5). Let b = h - 4. Determine i(b).
-3
Let y = 11345 + -11351. Let r(q) be the third derivative of q**5/60 + q**4/4 - q**3 + 6*q**2. Calculate r(y).
-6
Let o(t) be the third derivative of t**6/120 + t**5/5 + 4*t**4/3 - 11*t**3/3 - 5489*t**2. What is o(-7)?
-1
Let a = 4 - 5. Let v be ((-1)/(-3))/(a/(-15)). Suppose 3*y + 10 = v*y. Let z(m) = m**2 - 5*m + 4. Determine z(y).
4
Let w(d) = -534*d**2 + 4 + 1079*d**2 + 1 + 1 - 4*d - 544*d**2. Determine w(3).
3
Let o(b) = -6025 - 6024 - b**2 + 12051 + b**3 - 5*b. Give o(-2).
0
Suppose 4*c - 4*v - 44 = 0, 323*c + 5*v + 49 = 326*c. Let n(u) = -u**2 + u + 8. Give n(c).
2
Let g(d) be the first derivative of -d**3/3 + 15*d**2/2 - 26*d - 5084. What is g(8)?
30
Let o(x) = x**3 + 5*x**2 - 9*x - 6. Let z(u) be the first derivative of -u**3/6 - 12*u + 7. Let q(m) be the first derivative of z(m). Let n be q(6). Give o(n).
12
Suppose 2*q + 3 - 9 = 0. Let o(b) be the second derivative of -b**5/20 + b**4/4 + b**3/3 - b**2 + 331*b. Calculate o(q).
4
Let u(v) = -9*v**2 + 7*v - 4. Let g(l) = 9*l**2 + 7*l**2 + 9*l**2 + 8*l**2 - 41*l**2 - 3 + 5*l. Let z(x) = -4*g(x) + 3*u(x). Give z(-1).
4
Let r(g) = -3*g**3 + 22*g**2 - 6*g + 7. Let n be r(5). Suppose 592 = 44*u + n. Let s(d) = 9*d + 13 + 0*d - d**2 + 0*d. Give s(u).
3
Let n(x) = -x**2 + 4*x. Let w(m) = -227*m + 1592. Let y be w(7). Calculate n(y).
3
Let t(g) = -g**2 - 5*g - 6. Let v be -2*(-58)/4*(1 + 0). Suppose -4*n - 4*z = 12, 2*n - 4*z = z + v. Suppose n = d + 6. Determine t(d).
-2
Let q(b) be the first derivative of b**2/2 - 9*b + 695. Determine q(20).
11
Let l(g) = -4 + 0*g**3 + 282*g**2 + g - 286*g**2 - g**3 - 3. Suppose 0 = 3*b + 4*c - 0*c + 3, 9 = 3*c. Determine l(b).
13
Let f = -3 + 7. Let a be (-402)/(-18) + (-3)/(-18)*-2. Let b be f/a + (-79)/11. Let x(j) = -j**3 - 6*j**2 + 8*j - 4. Determine x(b).
-11
Let f(o) = 7*o - 4. Let d(p) = 4*p. Let k(z) = d(z) - f(z). Determine k(-2).
10
Suppose 0 = l + 3*o - 45, -4*l + l + 4*o + 200 = 0. Suppose -l = -7*n + 388. Let q(t) = -2*t - n + 64. What is q(-5)?
10
Let h = -834 + 834. Let p(q) = -5*q. What is p(h)?
0
Let x = -9 + 12. Let y(w) = -13*w**2 - 6 + 17*w**2 + 2 + w + w**x - 7*w. Let i be -1 + 1 - (11 - 6). What is y(i)?
1
Let y(n) = 3*n + 8. Let t = -9 + 6. What is y(t)?
-1
Suppose -5*i + 14 = z - 36, -3*i + 28 = z. Let b(h) = 1 + 4*h - i - h + 5. Suppose 2*j - 4 = n + 3, 0 = 3*n - 15. Determine b(j).
13
Let f(p) = 71*p - 1693. Let c be f(24). Let a(y) = -y**3 + 10*y**2 + 9*y + 10. Give a(c).
-12
Suppose -6*x - 2151 = -2199. Let a(g) be the first derivative of g**4/4 - 7*g**3/3 - 7*g**2/2 - 11*g + 7. Determine a(x).
-3
Let t(r) = -10*r**2 + 67*r**2 - 36*r**2 + 1 - 7*r**2 - 4*r**2 + 7*r - r**3. Determine t(11).
-43
Let r(g) = -42731 + g**2 - 4*g + 23*g + 42715. Calculate r(-19).
-16
Suppose 38*b = 31*b - 35. Let p(c) = -c**3 - 7*c**2 - 9*c + 2. Let x be p(b). Let k(n) = n**3 + 4*n**2 + 4*n + 1. Give k(x).
-2
Let k be 1*51 - (-22 + 24). Suppose -16*q + 79 = -k. Let u(d) = d - 3. Calculate u(q).
5
Suppose 5 - 21 = -o - 5*n, 2*n + 4 = -3*o. Let b = 10829 - 10843. Let a(x) = 4*x - 19. Let y(t) = -t + 6. Let s(z) = b*y(z) + o*a(z). Determine s(-6).
4
Let i = 36 + 33. Let f = i - 68. Let b be -2 - (13 - f)*18/(-24). Let y(v) = v + 2. Give y(b).
9
Let k(o) = -o - 1. Let y(s) = -s**2 + 7*s + 1. Let c(r) = -k(r) - y(r). Let t be 0 + ((3 - -3)*8/12 - 1). Give c(t).
-9
Let l(h) = -h**2 - 5*h + 7. Let z(p) be the first derivative of p**3/3 + 7*p**2/2 - 9*p + 27. Let n(q) = -7*l(q) - 6*z(q). Calculate n(6).
-1
Let v(m) = m**3 + 11*m**2 + 10*m - 6. Let o be v(-10). Let p(k) be the first derivative of 2*k**2 + 8*k - 3748. Give p(o).
-16
Let w(t) be the second derivative of -55 + 3*t**2 - t + 1/6*t**3. Give w(6).
12
Let z(t) = 4*t**2 + 2076*t + 35 - 2024*t - 2*t**2. Calculate z(-25).
-15
Let n(j) = j**2 + 9*j + 8. Suppose 5*o - 2*o =